Suppose -3*x - 3*k + 154 = -k, 3*x - 2*k - 170 = 0. Suppose x = -13*g - 24. Is (-6 - 103)/(2 - (-14)/g) composite?
True
Suppose -5*h + 3*m = -3500456, -3549347 = -4*h + 5*m - 748990. Is h composite?
True
Let s = -288 - -288. Suppose s = 46*z - 41*z - 1055. Is z composite?
False
Let v be 8/10 + 117/(-15). Let y be (v/1)/(0/1 + -1). Suppose 0 = 5*c + 2*b - 887, -5*c + 2*b + 890 = y*b. Is c composite?
True
Let i = 5203 - -120238. Is i prime?
True
Let l = -42 + 47. Let j = 59 - l. Suppose 2*s + 109 = f, 0 = 3*f + 2*s - 313 - j. Is f prime?
False
Suppose 19*k + k = -46*k + 2007522. Is k a composite number?
True
Let f be 5/((-10)/(-39706)) - -6. Let n = 28068 - f. Is n a prime number?
True
Let l(c) = 520*c**2 + 55*c - 415. Is l(6) a composite number?
True
Suppose -205 = -2*i - 215, -83304 = -t + i. Is t a prime number?
True
Suppose 5*w = w - 32. Let r(g) = -259*g - 13. Is r(w) a prime number?
False
Let i(z) = 1469*z + 832. Is i(11) prime?
False
Let a = -44 + 47. Suppose -685 = -3*l - 5*z, 2*z + a*z = l - 255. Let j = l + -156. Is j prime?
True
Let o = 13204 - 8489. Let w = o - 14. Suppose 1517 + w = 2*l. Is l composite?
False
Suppose 5*x - 90927 = -2*w, 14 = -415*x + 413*x. Is w prime?
True
Let u = -6707 + 19554. Suppose -3*m + u = 2*g, 5*g - 13752 + 908 = -3*m. Is m composite?
False
Is (0 + 5)*((-21)/7 - -16252) prime?
False
Let y = 56225 - -342284. Is y prime?
True
Let b = 135691 - 31410. Is b a prime number?
True
Let f = 425 - -2054. Is f a composite number?
True
Suppose 11*t = 4*t + 30912. Let k = 4130 + -844. Suppose t = 3*x + g - 511, -g + k = 2*x. Is x a composite number?
True
Let t(w) = 282*w**2 + 342*w - 65. Is t(68) a composite number?
False
Let j = 226 + -167. Suppose 55*z = 2*k + j*z - 5866, 5865 = 2*k + 3*z. Is k a composite number?
True
Let a be ((-2)/(-2))/((-3)/9)*-109. Suppose 3*x + 329 = -o, -x = -o - 6*x - a. Let g = o - -555. Is g a prime number?
True
Let v be 0/3 - (3 - 0). Let j be 4/v + 52/39. Suppose -3*c + 218 = -2*f, j = f - 0*f - 2. Is c composite?
True
Suppose 0 = -d + 3*d - 5*r + 260, -r = 3*d + 424. Let k be 48*(d/(-8))/7 + -4. Suppose k*o = 111*o + 5965. Is o a composite number?
False
Let m(j) = 3*j - 11. Let f be m(5). Suppose f*z = l - 1207 - 3188, 5*l - 21998 = -3*z. Is l a composite number?
True
Suppose -1321*l + 1312*l + 401211 = 0. Is l composite?
False
Let d(p) = p**2 + 6*p + 2. Let s be d(-6). Suppose -5*u - 3*r = s*r - 29665, u = -3*r + 5935. Suppose 4*k - 72 = u. Is k prime?
False
Suppose -3*x = x. Suppose 4*l = 5*y - 1556, -3*y = -l - 428 - 507. Suppose r - 35 - y = x. Is r composite?
False
Let g = 634490 + -148293. Is g a composite number?
True
Let h(s) = -227*s - 1. Let k be h(-10). Let n = k + -747. Suppose -7*l + 137 = -n. Is l prime?
False
Suppose 0 = -44*v + 62*v - 54. Suppose v*o - 20*a + 22*a = 52123, 3*o + 3*a = 52119. Is o composite?
False
Let t(k) = k**3 - 21*k**2 + 20*k - 3. Let a be t(20). Let n(u) = u**3 + 3*u**2 - 3*u. Let b be n(a). Suppose -b*v + 4885 = 844. Is v a composite number?
False
Let g(b) = 6*b**2 + 26*b + 23. Let u be g(-4). Suppose -h + 32294 = 3*w, -u*w + 20*w + 4*h = 53821. Is w prime?
False
Let h be (-1338)/(-1 + (-2)/4). Let l = 5 - 17. Is (h/l)/(2/(-18)) a composite number?
True
Suppose 3*n = -n - 2*c + 90, -5*n + 112 = 2*c. Suppose 20 = 7*z - n. Is (9/(-6))/(z/(-2164)) prime?
True
Suppose m - 6 = -0*m + c, -2*c - 15 = -3*m. Let b(t) = 591*t**2 + 2*t. Let k be b(m). Suppose -2*u = -3*d - 902 - 2646, -3*u + 3*d = -k. Is u composite?
False
Let m be (3/(-2) + 2)*0. Suppose -g = -0*r - 5*r - 1072, -4*g + 3*r + 4339 = m. Is g a composite number?
False
Let o(t) be the second derivative of -5*t**3/6 - 15*t**2 - 50*t. Let h be o(-6). Suppose h = 3*z + 6*v - v - 503, 0 = -v + 4. Is z composite?
True
Let c be -2*(-2)/(-8)*(-626)/1. Let o = 564 - c. Suppose -a + o = -240. Is a prime?
True
Is -1282*(-13)/104*116 a composite number?
True
Let h = 28 + -26. Suppose 5848 = h*o + 3*g, -7*g = -5*g - 4. Is o composite?
True
Let u(s) = -316*s**2 + 14*s - 23. Let b be u(-8). Let g = -12542 - b. Is g prime?
True
Let z be (111*243/(-6))/((-3)/6). Let o = z + -4555. Let c = o - 2415. Is c composite?
True
Let y(x) = x**2 - 6*x + 6. Let b be y(6). Let q be 9/b*2*3. Let v(r) = r**3 - 7*r**2 + 9*r - 8. Is v(q) a prime number?
False
Is 5*(65469807/45)/13 composite?
False
Let i(f) = 24*f**3 + 26*f**2 - 79*f + 3130. Is i(31) a prime number?
True
Suppose -4*w - 1102608 = -8*m, 5*m - 689137 = -10*w + 9*w. Is m composite?
False
Let r = -85 + 207. Suppose -5*d + 570 = -5*z, -3*z - 2*d + r = 449. Let l = 586 - z. Is l a prime number?
False
Let x = 322172 - 142614. Is x a prime number?
False
Suppose -3*x + x - 61 = 5*w, -4*x - 113 = w. Is (820/x - 6/(-21))*-47 a composite number?
True
Suppose u + h - 81057 = 0, 2*u - 7*h = -4*h + 162119. Is u prime?
False
Let m be 34/4 + (-1)/2 - 4. Suppose 4*d = -p + 1451, p + 2*d = m*d + 1433. Suppose -2*s + 287 = -p. Is s a composite number?
False
Let m = -35019 - -56672. Is m a prime number?
False
Is (-20)/100 + 1064230/25 a prime number?
True
Let u(i) = 15039*i + 224. Is u(13) a prime number?
True
Let l = -14610 - -26493. Let g = 23146 - l. Is g composite?
True
Let n be 18226/20 + (-81)/270. Let t = 8524 - n. Is t a composite number?
True
Is ((-940413)/(-4))/((-45)/4 - -12) a prime number?
True
Let l(s) = 38116*s - 441. Is l(23) prime?
False
Let d = 59 + -43. Suppose d*g - 5587 = 15*g. Is g composite?
True
Suppose 0 = -3*a - 13 + 13. Suppose 2*l = -42 - a. Let d(f) = 2*f**2 + 14*f - 31. Is d(l) composite?
False
Suppose d - 2*u = 9, -5*u + 3*u + 6 = 4*d. Suppose n - 3*t - 977 = 0, t = d*t. Is n prime?
True
Suppose -a = -w - 37059, a - 5*w - 17066 = 19985. Is a a prime number?
True
Suppose -1072*g + 263475 = -1081*g. Let a = g - -42216. Is a a prime number?
True
Suppose 0 = d - q - 553357, 6*q = d - 14061 - 539326. Is d a composite number?
False
Suppose 0 = 12*i - 67*i + 1204005. Is i a prime number?
False
Let n = 155925 - 90098. Is n a composite number?
False
Let k be -552*((-5)/2 + 3). Let g = -64 + -93. Let f = g - k. Is f prime?
False
Suppose -3*l + 5*s + 65588 = 0, -l - 211*s + 207*s = -21891. Is l prime?
True
Let l = -426446 + 763387. Is l a composite number?
True
Suppose -201*g - 326*g + 146172409 = 0. Is g a prime number?
False
Let h(c) = 854*c**2 - 2*c + 1. Suppose 10*z - 46 = 54. Suppose -z*m + 2 = -11*m. Is h(m) a prime number?
False
Suppose -3 = -3*q - 0. Let l be q/(-1*(-1)/1357). Let w = l - 438. Is w prime?
True
Is 45695 - -18*(-4)/(-6) a prime number?
True
Let y = 59 + -55. Suppose -3*d = -4*r + 195, 5*d + y*r + 352 = 59. Is (-3)/2*(-1 + d) composite?
True
Is (-71)/3*1200/100*2386/(-8) composite?
True
Is 265005/315 - (-6)/(-21) prime?
False
Suppose 538*z + 3*r = 540*z - 200026, 5*z + 3*r = 500023. Is z a prime number?
False
Suppose -375893 - 213980 + 94501 = -12*g. Is g prime?
True
Suppose -3130 = 3*j - j. Suppose -p + 874 = -11*f + 10*f, f = 4*p - 883. Let t = f - j. Is t a composite number?
True
Suppose 3*b - 147 = 18. Suppose 2*t - b - 83 = 0. Let n = t - 65. Is n a composite number?
True
Suppose 0 = -4*v + v + 3*b + 24, 4*v = -5*b + 68. Let j be v*(3/(-3) + 65). Suppose 2*a - 2*h = j - 16, 5*a - 1925 = -4*h. Is a composite?
True
Let b = 70598 - 1171. Is b a prime number?
True
Suppose -5*d - 30 = 5*a, 4*a = 4*d - 3*d + 21. Let p be 4 - (d/3 - -2). Suppose -6*v - p*v = -2101. Is v a prime number?
True
Let a(d) = d**3 - 13*d**2 + 19*d + 38. Let o be a(11). Is 10346/o*(-13 - 279/(-18)) a prime number?
False
Let v = 160835 + -51766. Is v a prime number?
False
Suppose -2*z + 3872 + 5496 = 0. Suppose 3*d = 8*b - 3*b - 11686, -2*d + z = 2*b. Is b composite?
False
Suppose 13*w + 333957 - 970528 = 0. Is w composite?
True
Let g(m) = 4392*m**2 + 2*m + 1. Let t be 34/(-85) - 6/10. Is g(t) composite?
False
Let d(n) = 683*n**2 - 16*n - 56. Let r be d(15). Suppose -5*l + 77277 = -5*h - 114453, -4*l - h = -r. Is l a prime number?
False
Let j(t) = -386*t**2 - t - 12. Let i be j(3). Is ((-260)/120)/((-2)/i)*-4 a prime number?
False
Let c(j) = j**3 - 2*j**2 + 5*j - 18. Let f be c(3). Is 6479/3 + ((-52)/f - -8) prime?
False
Let t(b) = 3954*b - 559. Is t(19) composite?
False
Let o be (-26)/(-12) - (-7)/(-42). Suppose 8644 - 34045 = -3*m - 2*r, 4*m + o*r - 33868 = 0. Is m p